3*b + 104. List the prime factors of b.
2, 13
Suppose 3*o - 18 = 2*a, 4*o - 8 = -a + 5. Let m be (-1 - 3/(-9))*a. Suppose 3*x - 5 = m*t, -2*t + 5 = 2*t - x. List the prime factors of t.
2
What are the prime factors of (-56)/21*30/(-8)?
2, 5
Let f(a) = -3 + 3 + 1 - 6*a - a**2 + 2. Suppose -2*z = -3*t - 11, t + 3*z + 11 = -0*z. What are the prime factors of f(t)?
2
Let j = -2 - -5. Suppose -25 = -d + j*u, 4*u = d + 5 - 28. Suppose -31 = -4*q + 2*b + 15, -b = 4*q - d. List the prime factors of q.
3
Let s(c) = -c**2 - 8*c. Suppose 5*v = 3*v - 12. What are the prime factors of s(v)?
2, 3
Let t(q) = -26*q. Let o be t(1). Let g = o - -45. List the prime factors of g.
19
Suppose 0 = -4*w - 4*b + 232, -w + 3*w + 3*b = 117. List the prime factors of w.
3, 19
Let d(l) be the second derivative of -2*l**3/3 - 3*l**2/2 - 3*l. Let j be 2*2*(-2)/4. What are the prime factors of d(j)?
5
Let v = 57 - 44. What are the prime factors of v?
13
Suppose n = 4*h - 11 - 0, 5*n - 21 = h. Suppose 0*p + n*p + 5 = 0. List the prime factors of 0 - -2*(0 - p).
2
Suppose -12 = -4*i - 2*g, -4*i + g = 6*g - 18. Suppose 9 = i*o - 3. What are the prime factors of (15/o)/(1/4)?
2, 5
Let r = -10 + 30. What are the prime factors of (32/r)/(1/15)?
2, 3
Suppose -2*t = -t - 32. What are the prime factors of t?
2
Suppose 7*b + 24 = 10*b. What are the prime factors of b?
2
Suppose g - 3*f - 17 = 8, 32 = g + 4*f. Suppose -3*r - 14 = -3*m - 92, -r + g = -3*m. What are the prime factors of r?
5
Let m(u) = 2*u**2 - 11*u - 11. What are the prime factors of m(9)?
2, 13
Let o(x) = x**3 - 6*x**2 + 4*x + 1. Let d be o(6). Suppose -5*a - d + 85 = 0. What are the prime factors of a?
2, 3
Let d = 588 - 412. What are the prime factors of d?
2, 11
Let b(f) be the first derivative of 10*f**3 + f**2 + f + 2. Let a be b(-1). Let k = a - 19. What are the prime factors of k?
2, 5
What are the prime factors of 1/5 + (-1 - 6293/(-35))?
179
Let s(u) = -10*u - 8. List the prime factors of s(-4).
2
Suppose -j + 4*b - 1 - 8 = 0, 3*b + 6 = 5*j. Suppose j*f - 10 = f. Suppose -5*n + 98 = 5*k - 2, f*k + 4*n - 97 = 0. List the prime factors of k.
17
What are the prime factors of 68/18 + (-4)/(-18)?
2
Let f(l) = l**2 - 8*l**3 - 6*l**2 + 1 + 7*l**3 - 2*l + 3. List the prime factors of f(-6).
2, 13
Let k(o) = 4*o. Let s be k(1). Suppose s*v = -13 - 3. List the prime factors of 7/2*(-2 - v).
7
Suppose -g = 2*g - 6. Suppose -4*p + 66 = 5*x - 3*p, g*x - 32 = p. List the prime factors of x.
2, 7
Suppose -3*s - 4 = 20. Let f = s - -16. What are the prime factors of f?
2
Suppose 0 = 4*c - 9*c + 95. Let j = c - 3. What are the prime factors of j?
2
Let b(f) be the first derivative of 2*f**2 + 1. What are the prime factors of b(5)?
2, 5
Suppose -h - 3 = -2*h. Suppose f = 6 + h. List the prime factors of f.
3
Let z(x) = 3*x**2 - 5*x + 6. Let n be z(3). List the prime factors of n/(-4)*(-160)/24.
2, 3, 5
Let d = -20 - -154. List the prime factors of d.
2, 67
Let f(h) = h**3 + 11*h**2 - 8*h - 3. List the prime factors of f(-11).
5, 17
Let g(d) = d**3 - 2*d**2 + 188. What are the prime factors of g(0)?
2, 47
List the prime factors of (33/(-9))/((-1)/3).
11
Suppose 0*n + n = 6. Let o = -22 + 38. Suppose -g - n = -o. List the prime factors of g.
2, 5
Let a(h) = -3*h**3 + h**2 + h - 1. Suppose 0 = -d, 5*z + 4 + 6 = -3*d. What are the prime factors of a(z)?
5
Suppose 0 = 20*x - 15*x. Suppose o + x = 23. What are the prime factors of o?
23
Let z(k) = k**3 - 8*k**2 - 5*k - 16. List the prime factors of z(9).
2, 5
Let n(a) = -7 + 5*a - 4*a - 2*a. Let r be n(-7). Suppose 4 = m - z, 2*z - 13 = -m - r*z. List the prime factors of m.
7
Suppose 5*v = -2*p + 73, -2*p - 32 = v - 3*v. Let y = 32 - v. What are the prime factors of y?
17
Suppose 123 - 933 = -9*y. What are the prime factors of y?
2, 3, 5
Let r(t) be the third derivative of t**4/12 + 4*t**3/3 + 2*t**2. List the prime factors of r(10).
2, 7
Suppose -k + 2 = -c, -2*c + 4*k = -0*c + 14. Suppose -c*b + 18 = h, 3 + 6 = -3*h. Let g(z) = z - 3. What are the prime factors of g(b)?
2
Let f(l) be the second derivative of -l**3/6 + 15*l**2/2 - 7*l. What are the prime factors of f(12)?
3
List the prime factors of 3 - (-222)/(2 + -1).
3, 5
Suppose 5*g = -5*s + g - 12, -2*s + 15 = -5*g. Suppose 3*z = 2*i - 77, 134 = 4*i - 2*z - s*z. What are the prime factors of i?
31
Let s = 45 - 6. What are the prime factors of (4 + s/(-6))*-12?
2, 3, 5
Let o(g) = -g**2 + 7*g - 8. Let d be o(6). Let b = 8 + d. Suppose 0 = -c - c + b. What are the prime factors of c?
3
Let u = 124 + -35. What are the prime factors of u?
89
Suppose -2*j - 3 = -13. List the prime factors of j.
5
Suppose -20 = -3*t - 2*t. Suppose t*c + 3*u - 3 = -0*u, -3*c = -4*u + 4. Suppose -3*m + 2*m + 4 = c. List the prime factors of m.
2
Suppose -271 = -6*k + 1241. What are the prime factors of k?
2, 3, 7
Let y(u) = 2*u**3 + 2*u**2 + 2. Let z be y(-2). List the prime factors of (16/z)/((-1)/3).
2
Suppose -2*t - 478 = -4*y, 0 = y - t - 140 + 19. List the prime factors of y.
2, 59
Let c = -3 - -10. What are the prime factors of c?
7
Let i be 7/3 - (-2)/(-6). Suppose 0*s - s = -i. Suppose -m - 24 = -s*u + m, -u + 5*m = -24. List the prime factors of u.
3
List the prime factors of 20 + -20 + (-2 - -189).
11, 17
Let l be 3 - (12/(-3))/2. Suppose z - 44 = -l*c - 0*z, 12 = 3*z. What are the prime factors of c?
2
Let v(t) = 5*t**3 - 2*t**2 - 4*t**3 - 3*t**2 + 5 + 2*t. Let b(q) = -q - 1. Let w(g) = -3*b(g) - v(g). List the prime factors of w(5).
3
Let f(m) = -m**2 + 5*m + 2. Let d be f(5). Let n = 3 - 9. Let h = d - n. List the prime factors of h.
2
Suppose 4*p - 12 = 0, -3*d + 61 + 140 = 3*p. What are the prime factors of d?
2
Let x(v) = -v**3 - 6*v**2 + 5*v - 10. Let b = -19 - -12. What are the prime factors of x(b)?
2
Let p(t) = -3*t + 2. Let x be p(-2). Suppose -b - 80 = -4*f, f - 45 = -4*b - x. List the prime factors of f.
3, 7
Let g = 20 + 2. Suppose 5*w + 94 = -2*m, m + g = -w - m. Let s = 28 + w. List the prime factors of s.
2, 5
Suppose -5*d + 4*d = -5*x - 25, -d = 4*x - 43. What are the prime factors of d?
5, 7
Suppose 83 + 37 = 4*h. List the prime factors of h.
2, 3, 5
Suppose -5*h + 4*u = -397, -3*h - 12 + 261 = 3*u. Suppose 27 - h = -2*n. What are the prime factors of n?
3
Suppose -10*m - m = -528. What are the prime factors of m?
2, 3
Let q be (56/(-70))/(1/(-10)). What are the prime factors of 5/(-3)*(q - 11)?
5
Let a(p) = 56*p + 25. What are the prime factors of a(4)?
3, 83
Let h(r) = r**3 + 13*r**2 - 15*r - 11. Let o be h(-14). Let u(l) = 2*l**3 - 5*l**2 + 2*l + 2. Let w be u(o). Let q = 3 + w. List the prime factors of q.
2, 5
Let k(f) = 7*f**2 + f - 17. Let z(r) = 0*r - 9*r**2 + 0*r + 6*r**2 + 8. Let o(a) = 4*k(a) + 9*z(a). What are the prime factors of o(-4)?
2
Suppose -2 = -i + 1. Suppose 32 = f - i. List the prime factors of f.
5, 7
What are the prime factors of 8/6*6*5/2?
2, 5
Suppose -5*m - 4*f = -17 - 99, 0 = -2*m + 2*f + 50. Suppose -5*k - 4 + m = 0. List the prime factors of 4/(-16) + 69/k.
17
Suppose 0 = 4*a - a + 45. Let l = 7 + a. Let w = l + 20. What are the prime factors of w?
2, 3
Suppose 5*p - 3*h = 54, 0*p + 5*h = -2*p + 34. List the prime factors of p.
2, 3
Let i = 1 - -6. Let m be (i + -2 - 2)*-1. List the prime factors of (11 - 4)/(m/(-9)).
3, 7
Let a(g) = -4 + 4 + 0 + 4 - g. Let m(z) = 4*z + 6. Let o be m(-4). What are the prime factors of a(o)?
2, 7
Let j(l) = 2*l + 39. What are the prime factors of j(0)?
3, 13
Let h(l) be the second derivative of -9*l**5/20 - l**4/12 - l**3/6 - l. Suppose 4*j + 5 = 1. What are the prime factors of h(j)?
3
Let d = 4 - 1. List the prime factors of ((-1)/d)/(2/(-84)).
2, 7
Let o(t) = -t**3 + 8*t**2 + 2*t - 8. Let m be o(8). Let p = m + -5. Suppose 16 + 23 = p*g. What are the prime factors of g?
13
Let d(t) be the second derivative of -5*t**3/6 - t**2/2 - t. List the prime factors of d(-3).
2, 7
Let r = 286 - 162. List the prime factors of r.
2, 31
Suppose 10 = -5*d, 4*w - 5*d - 3 - 27 = 0. Suppose f - 14 = w*x - 3*f, 3*x + 5*f = -38. Let n(i) = -i**3 - 6*i**2 - 3*i - 9. What are the prime factors of n(x)?
3
Let z = 2 + -5. Let r = 50 + -52. What are the prime factors of r/(z - (-14)/5)?
2, 5
Suppose -4*p + 4*w + 244 = 0, -2*w + 36 = -3*p + 216. Let m = 87 - p. Suppose 11 - m = 